s the remainder when 522405 is divided by 130590?
45
What is the remainder when 720 is divided by 85?
40
What is the remainder when 28485 is divided by 205?
195
Calculate the remainder when 71048 is divided by 58.
56
What is the remainder when 49246 is divided by 394?
390
Calculate the remainder when 3988 is divided by 174.
160
What is the remainder when 1114385 is divided by 589?
586
Calculate the remainder when 1330 is divided by 155.
90
Calculate the remainder when 14647 is divided by 188.
171
Calculate the remainder when 14379 is divided by 158.
1
What is the remainder when 52451 is divided by 2760?
11
Calculate the remainder when 115040 is divided by 306.
290
Calculate the remainder when 12320 is divided by 1053.
737
What is the remainder when 176289 is divided by 22034?
17
Calculate the remainder when 11136 is divided by 27.
12
What is the remainder when 75152 is divided by 123?
122
What is the remainder when 10810 is divided by 1787?
88
Calculate the remainder when 17654 is divided by 97.
0
What is the remainder when 55697 is divided by 55650?
47
Calculate the remainder when 1187257 is divided by 395749.
10
Calculate the remainder when 26135 is divided by 264.
263
Calculate the remainder when 38776 is divided by 2154.
4
What is the remainder when 10612 is divided by 408?
4
What is the remainder when 10996 is divided by 40?
36
What is the remainder when 26122 is divided by 26?
18
What is the remainder when 18220 is divided by 357?
13
What is the remainder when 16442 is divided by 5471?
29
Calculate the remainder when 1721 is divided by 457.
350
Calculate the remainder when 76127 is divided by 366.
365
What is the remainder when 14945 is divided by 1491?
35
Calculate the remainder when 214017 is divided by 870.
867
What is the remainder when 8508 is divided by 303?
24
Calculate the remainder when 18229 is divided by 57.
46
What is the remainder when 43040 is divided by 207?
191
Calculate the remainder when 2015 is divided by 187.
145
What is the remainder when 10854 is divided by 231?
228
Calculate the remainder when 14990 is divided by 33.
8
What is the remainder when 225270 is divided by 257?
138
Calculate the remainder when 80110 is divided by 607.
593
What is the remainder when 79009 is divided by 418?
7
What is the remainder when 1510897 is divided by 725?
722
Calculate the remainder when 11234 is divided by 3736.
26
Calculate the remainder when 10115 is divided by 5042.
31
Calculate the remainder when 4055 is divided by 1347.
14
Calculate the remainder when 2266 is divided by 93.
34
Calculate the remainder when 125827 is divided by 552.
523
What is the remainder when 5691 is divided by 405?
21
What is the remainder when 13672203 is divided by 364?
363
What is the remainder when 40687 is divided by 27?
25
What is the remainder when 3975 is divided by 841?
611
Calculate the remainder when 7149 is divided by 80.
29
What is the remainder when 99672 is divided by 49800?
72
Calculate the remainder when 122925 is divided by 1950.
75
Calculate the remainder when 6236 is divided by 77.
76
What is the remainder when 1022909 is divided by 24?
5
What is the remainder when 36218 is divided by 3292?
6
What is the remainder when 90827 is divided by 58?
57
Calculate the remainder when 6002 is divided by 1995.
17
What is the remainder when 11345 is divided by 37?
23
Calculate the remainder when 6319 is divided by 2092.
43
What is the remainder when 71723 is divided by 664?
11
What is the remainder when 145892 is divided by 99?
65
Calculate the remainder when 66031 is divided by 32.
15
Calculate the remainder when 87515 is divided by 65.
25
Calculate the remainder when 898 is divided by 9.
7
Calculate the remainder when 33747 is divided by 98.
35
What is the remainder when 50165 is divided by 11?
5
Calculate the remainder when 223232 is divided by 37198.
44
What is the remainder when 41229 is divided by 13734?
27
Calculate the remainder when 4039 is divided by 668.
31
Calculate the remainder when 74331 is divided by 531.
522
Calculate the remainder when 198910 is divided by 1.
0
Calculate the remainder when 2090 is divided by 934.
222
Calculate the remainder when 50333 is divided by 426.
65
Calculate the remainder when 9625 is divided by 2.
1
Calculate the remainder when 7129 is divided by 573.
253
Calculate the remainder when 238561 is divided by 88.
81
What is the remainder when 76306 is divided by 13?
9
What is the remainder when 6156 is divided by 611?
46
What is the remainder when 27717 is divided by 340?
177
Calculate the remainder when 34078 is divided by 1362.
28
Calculate the remainder when 1960 is divided by 97.
20
What is the remainder when 1310 is divided by 1010?
300
Calculate the remainder when 6452 is divided by 1505.
432
What is the remainder when 509056 is divided by 265?
256
Calculate the remainder when 2601 is divided by 1085.
431
What is the remainder when 20553831 is divided by 797?
795
What is the remainder when 2781 is divided by 457?
39
What is the remainder when 60505 is divided by 14?
11
What is the remainder when 129917 is divided by 33?
29
What is the remainder when 260541 is divided by 107?
103
Calculate the remainder when 2290387 is divided by 983.
980
Calculate the remainder when 339 is divided by 191.
148
What is the remainder when 18656 is divided by 3731?
1
What is the remainder when 281629 is divided by 428?
5
What is the remainder when 19303 is divided by 143?
141
Calculate the remainder when 74826 is divided by 231.
213
What is the remainder when 4306 is divided by 4288?
18
What is the remainder when 15819 is divided by 753?
6
What is the remainder when 4965 is divided by 22?
15
Calculate the remainder when 6744 is divided by 1342.
34
Calculate the remainder when 5050 is divided by 336.
10
Calculate the remainder when 1831 is divided by 784.
263
What is the remainder when 13269 is divided by 2210?
9
What is the remainder when 2298 is divided by 100?
98
Calculate the remainder when 24717 is divided by 1075.
1067
What is the remainder when 6006 is divided by 12?
6
Calculate the remainder when 5418143 is divided by 1239.
1235
Calculate the remainder when 29860 is divided by 88.
28
Calculate the remainder when 13511 is divided by 4476.
83
What is the remainder when 177926 is divided by 270?
266
Calculate the remainder when 31152 is divided by 27.
21
Calculate the remainder when 1336 is divided by 1289.
47
What is the remainder when 2020 is divided by 334?
16
What is the remainder when 14065 is divided by 13746?
319
Calculate the remainder when 3493 is divided by 388.
1
What is the remainder when 6542 is divided by 6530?
12
Calculate the remainder when 11965 is divided by 49.
9
What is the remainder when 706127 is divided by 44132?
15
What is the remainder when 2863 is divided by 656?
239
Calculate the remainder when 6647 is divided by 3309.
29
What is the remainder when 1353 is divided by 1350?
3
Calculate the remainder when 130377 is divided by 442.
429
What is the remainder when 193344 is divided by 33?
30
What is the remainder when 16512 is divided by 26?
2
Calculate the remainder when 4649 is divided by 4.
1
What is the remainder when 19383 is divided by 198?
177
What is the remainder when 6307 is divided by 11?
4
Calculate the remainder when 728303 is divided by 72829.
13
What is the remainder when 23624 is divided by 45?
44
Calculate the remainder when 251 is divided by 12.
11
Calculate the remainder when 18089 is divided by 54.
53
What is the remainder when 1171 is divided by 14?
9
Calculate the remainder when 2899 is divided by 50.
49
Calculate the remainder when 4131 is divided by 50.
31
What is the remainder when 779872 is divided by 335?
327
Calculate the remainder when 13347 is divided by 25.
22
Calculate the remainder when 8781 is divided by 34.
9
What is the remainder when 55207 is divided by 3064?
55
What is the remainder when 132226 is divided by 3889?
0
What is the remainder when 88754 is divided by 102?
14
What is the remainder when 359 is divided by 235?
124
What is the remainder when 1362 is divided by 381?
219
Calculate the remainder when 335449 is divided by 6.
1
What is the remainder when 30323 is divided by 527?
284
What is the remainder when 309373 is divided by 28123?
20
Calculate the re